8608 and 64449354.
894
Calculate the highest common divisor of 8956094 and 6322.
218
What is the highest common divisor of 5082464 and 6461?
71
Calculate the greatest common divisor of 45 and 3127185.
45
What is the greatest common factor of 1475382950 and 40?
10
Calculate the highest common divisor of 322 and 214612517.
161
What is the greatest common divisor of 36029053 and 9757?
887
What is the greatest common divisor of 367232874 and 6726?
6726
Calculate the greatest common divisor of 1266734 and 182.
14
What is the highest common divisor of 179800288 and 224?
32
What is the highest common divisor of 4472 and 229190?
1118
What is the greatest common factor of 133389252 and 36?
36
Calculate the highest common divisor of 2893685 and 302045.
1565
What is the highest common divisor of 71 and 14677901?
71
What is the greatest common divisor of 715 and 1439425?
65
Calculate the highest common divisor of 1433 and 182179.
1
Calculate the highest common divisor of 1470399884 and 4.
4
Calculate the greatest common divisor of 33297500 and 3125.
625
What is the highest common divisor of 17126772 and 1818?
606
What is the highest common factor of 748475 and 1238965?
3185
What is the greatest common divisor of 41 and 11307?
1
Calculate the highest common divisor of 91 and 325731.
7
What is the greatest common divisor of 437615093 and 83?
83
Calculate the highest common factor of 5672 and 93546.
2
Calculate the greatest common factor of 2041 and 874172.
13
What is the greatest common divisor of 24572187 and 171?
171
What is the highest common divisor of 16979406 and 834?
834
Calculate the highest common divisor of 652212 and 1890.
54
Calculate the greatest common factor of 47 and 34516894.
47
Calculate the highest common factor of 68403 and 6411.
3
What is the highest common divisor of 1172 and 24386390?
586
What is the greatest common divisor of 220810646 and 77?
7
Calculate the greatest common factor of 3646958 and 338282.
4634
What is the highest common factor of 91 and 34391?
7
Calculate the highest common divisor of 43346396 and 68.
68
Calculate the highest common divisor of 3826 and 4899193.
1913
What is the greatest common factor of 339284 and 320892?
484
Calculate the highest common divisor of 258739 and 27547.
169
What is the greatest common factor of 861 and 34806417?
123
Calculate the highest common divisor of 109940 and 536078434.
10994
Calculate the greatest common divisor of 4152385347 and 1221.
1221
Calculate the highest common factor of 56 and 10718120.
56
What is the greatest common factor of 972019 and 11487?
547
What is the greatest common divisor of 75996 and 83388?
12
Calculate the greatest common divisor of 43594 and 7989204.
142
What is the highest common factor of 1058 and 10264187?
529
What is the highest common divisor of 156336273 and 179?
179
Calculate the greatest common divisor of 1470885 and 8151.
741
What is the greatest common factor of 150290 and 24408?
226
What is the greatest common divisor of 2980718 and 130?
26
What is the highest common divisor of 14490 and 172824645?
2415
Calculate the greatest common divisor of 937077900 and 7051.
7051
What is the greatest common divisor of 5544 and 187443432?
792
What is the greatest common divisor of 11539925 and 675?
25
Calculate the highest common factor of 210322266 and 198.
66
What is the highest common factor of 73342138 and 221204?
6506
Calculate the greatest common divisor of 972 and 461856.
12
Calculate the highest common factor of 2886 and 15341902.
74
Calculate the greatest common divisor of 73288 and 14376.
8
Calculate the highest common divisor of 1599 and 107065842.
1599
Calculate the highest common divisor of 2986243 and 832.
13
What is the greatest common factor of 33354 and 1430298?
1962
Calculate the greatest common factor of 998958 and 143985.
993
What is the greatest common factor of 5591910 and 1920?
30
What is the greatest common factor of 9 and 191164536?
9
What is the highest common divisor of 83 and 1474337383?
83
Calculate the highest common divisor of 23660 and 34645.
845
Calculate the highest common factor of 13056 and 16551744.
3264
What is the highest common factor of 212792058 and 54?
18
Calculate the highest common factor of 43539639 and 44.
11
What is the highest common factor of 72078 and 292414?
586
What is the highest common factor of 11246 and 2931134948?
11246
What is the greatest common divisor of 210 and 37317?
21
Calculate the greatest common divisor of 36814035 and 3759.
537
What is the highest common divisor of 9660 and 388055080?
3220
What is the greatest common divisor of 402 and 2468146?
134
What is the highest common factor of 387319655 and 2369?
2369
Calculate the highest common factor of 37125 and 17580375.
3375
Calculate the greatest common divisor of 688 and 10004528.
16
Calculate the greatest common divisor of 14729 and 53703.
13
Calculate the highest common divisor of 26582823 and 614.
307
Calculate the greatest common factor of 1434044 and 1235.
19
Calculate the greatest common divisor of 33055989 and 177.
177
Calculate the greatest common factor of 51 and 108489376.
17
Calculate the highest common divisor of 7379 and 12032.
47
What is the greatest common divisor of 4285 and 67301067?
857
Calculate the greatest common factor of 9571 and 20417.
17
What is the greatest common divisor of 75858 and 245293?
47
Calculate the highest common divisor of 16 and 605949104.
16
What is the highest common factor of 5852 and 25579928?
836
What is the highest common divisor of 59273970 and 84?
42
Calculate the highest common divisor of 90185303 and 221.
13
Calculate the highest common divisor of 2706090 and 470.
10
What is the greatest common divisor of 582940 and 4040?
20
What is the highest common divisor of 188769 and 4242?
2121
Calculate the highest common factor of 229518 and 50799.
123
Calculate the highest common factor of 10096142 and 28.
14
Calculate the greatest common divisor of 395591128 and 3728.
1864
What is the greatest common divisor of 6517996 and 28?
4
What is the highest common factor of 506 and 5671018?
46
What is the highest common divisor of 103013982 and 8772?
4386
What is the highest common factor of 9840 and 14111520?
240
Calculate the highest common factor of 176 and 142916.
4
Calculate the greatest common factor of 40 and 9222736.
8
What is the highest common divisor of 3284 and 289070816?
3284
Calculate the highest common divisor of 273758855 and 215.
215
What is the greatest common divisor of 47310 and 14278905?
1245
Calculate the highest common factor of 155949 and 41541.
681
What is the highest common factor of 2712907 and 5755?
1151
What is the highest common divisor of 14005166 and 185?
37
What is the greatest common divisor of 220 and 3174340?
20
What is the highest common divisor of 10322 and 725452?
26
Calculate the greatest common divisor of 589 and 277951.
19
Calculate the highest common factor of 1200 and 60025800.
600
What is the greatest common divisor of 10 and 6869255?
5
What is the highest common divisor of 519629737 and 63679?
9097
Calculate the highest common factor of 14592 and 1146.
6
Calculate the greatest common factor of 1898602 and 68326.
538
Calculate the highest common factor of 17619 and 7110525.
2517
Calculate the highest common factor of 18585598 and 31612.
2258
Calculate the highest common factor of 1439038 and 1247.
1247
What is the greatest common divisor of 18 and 38822715?
9
What is the greatest common factor of 112 and 2052640?
16
What is the greatest common factor of 39312586 and 2162?
94
Calculate the highest common factor of 509218 and 1234608.
578
What is the highest common divisor of 1680 and 697410?
210
Calculate the greatest common factor of 9622 and 27273842.
566
Calculate the greatest common factor of 11 and 28611979.
11
What is the greatest common factor of 104499 and 153?
153
Calculate the highest common factor of 60 and 91005780.
60
What is the greatest common factor of 10420784 and 3344?
176
Calculate the greatest common factor of 288436338 and 2511.
279
Calculate the highest common factor of 2862 and 764910999.
1431
What is the greatest common factor of 21312083 and 169?
169
Calculate the highest common factor of 14176236 and 60.
12
What is the highest common fa